
Suppose -c + 0*c = -6. Suppose -112 = -c*u - 316. What is the remainder when (-3)/((-12)/(-8)) - u is divided by 6?
2
Let a(o) = 8*o**2 + 2*o - 13. Let f be a(-3). Suppose 4*p - 126 + f = -3*x, 4*x - 44 = -2*p. Calculate the remainder when 125 is divided by p.
13
Let j(v) = 5*v**2 - 17*v - 40 - 4*v**2 + 28. Let d be j(15). Let u = d - -56. What is the remainder when 39 is divided by u?
11
Suppose 5*x + 3*x - 184 = 0. Let m be (-32)/(-6)*(-27)/12. Let u = m + x. What is the remainder when 30 is divided by u?
8
Suppose -2*f + g = -72, -335 = -4*f - g - 185. Suppose k + 8 = 5*k - r, -2*k = r - 4. Calculate the remainder when k/(-6) + 656/6 is divided by f.
35
Let q = -6143 - -6111. Let g be -2 + 3/((-6)/(-128)). Let y = g + q. Calculate the remainder when y is divided by 8.
6
Suppose -18*p + 23*p = -2350. Let d = p + 502. Calculate the remainder when 382 is divided by d.
30
Let n = -101 + 153. What is the remainder when n is divided by 14 + -4 + 18 + 4 - (-2 + 6)?
24
Suppose 2*w + 889 = 3*n, 0 = -3*n + w + 1266 - 382. Calculate the remainder when n is divided by 140.
13
Let q = -22100 + 22236. Calculate the remainder when q is divided by 47.
42
Let j = 4667 - 3032. Calculate the remainder when j is divided by 149.
145
Let v be 1*(44 + -5 + 5). Let f = v - 4. Calculate the remainder when 113 is divided by f.
33
Let m = -811 + 1370. Let d = m + -493. What is the remainder when 987 is divided by d?
63
Let m(n) = -6*n - 32. What is the remainder when m(-15) is divided by (24/36)/((-8)/(-1188)*3)?
25
Let l(k) = -k**3 + 9*k**2 + 40*k - 27. What is the remainder when 10/(120/9) + 2818/8 is divided by l(12)?
17
Let s be (-80)/(-48) - (-155)/(-3). Suppose -3*b = 4*i + 93, -4*b + 34 = -4*i + 186. Let r = b - s. What is the remainder when r is divided by 3?
0
Let l be (-24)/156 - (-9934)/13. Suppose 9*r - l = -125. Suppose -9*c = -37 - r. What is the remainder when c is divided by 2?
0
Let b(l) = 8*l - 18. Let o be b(8). Suppose 494 - o = 8*g. What is the remainder when 34 is divided by 4 - 3/((-12)/g)?
16
Let k(b) = b**3 - 6*b**2. Let s be k(6). Suppose 6*y = -s*y. Suppose y = -4*w - 65 + 381. What is the remainder when w is divided by 16?
15
Suppose 6102 = 5*u + 4*q, 0 = 2*u + u + 3*q - 3657. What is the remainder when u is divided by 15?
11
Suppose 2*y + 3*u - 188 = 0, y + 20*u - 17*u = 91. What is the remainder when y is divided by 82?
15
Let c = -264 + 234. Calculate the remainder when 55 is divided by (c/75)/(2/(-70)).
13
Let j = 209 - -374. Calculate the remainder when 3700/22 + (-106)/j is divided by 34.
32
Suppose 57*p + 252 = 63*p. Let o = p + 9. What is the remainder when o is divided by 13?
12
Let u = -11500 + 11508. What is the remainder when 323 is divided by u?
3
Suppose 4*v = 3*r - 28, 25*r + 3*v - 21 = 22*r. What is the remainder when 75 is divided by r?
3
Suppose -4*j + 3 = -5. Suppose -c - c - j*a = -30, -2 = -2*c + 5*a. Calculate the remainder when (1 + (0 - 3))/(4/(-108)) is divided by c.
10
Suppose u + 5*k - 5 = k, 0 = -3*k. Suppose 4*h + 757 = u*a, 0*h - 604 = -4*a + 4*h. What is the remainder when a is divided by 11?
10
Suppose -56 = 7*i - 11*i. Let r(p) = -p**2 - 4*p + 4. Let j be 2 + -5 + 0 - 1. Calculate the remainder when i is divided by r(j).
2
Suppose 42 = r + r. Suppose 0 = -3*q - 4*q - 588. Let i = 89 + q. What is the remainder when r is divided by i?
1
Let w(h) = -h**3 - 21*h**2 + 22*h + 14. Let m be w(-22). Let i be 6/m + 2189/(-77). Let r = -20 - i. What is the remainder when 14 is divided by r?
6
Suppose 3*j - 187 = -2*j - t, 2*j + 5*t = 84. What is the remainder when 6598 is divided by j?
12
Suppose 55 = 3*a - s, -2*a = -3*a - 3*s + 5. Let j(p) = p**2 - 17*p + 14. What is the remainder when 2 + -2 + 4 + 79 + -4 is divided by j(a)?
9
Suppose -2*f + 2*a + 1552 = -2*a, -a - 3844 = -5*f. Suppose -23*k + 26*k - f = 0. What is the remainder when k is divided by 43?
41
Let z = -8174 + 8208. What is the remainder when 973 is divided by z?
21
Suppose 0 = 231*u - 230*u - 2*v - 4872, 2*v = -5*u + 24432. Calculate the remainder when u is divided by 14.
12
Suppose 0 = -19*p + 10*p + 36. Suppose -21*v + 17*v = j - 152, -168 = -p*v + 3*j. What is the remainder when v is divided by 3?
0
Suppose 0 = 3*h + 4*t + 280, 0 = -2*h - 7*t + 5*t - 184. Let k = h - -98. What is the remainder when k is divided by (-3)/(2/(-16)*6)?
2
Suppose -4*v - 5*k = -13065, 2*v = -3*k - 260 + 6789. Calculate the remainder when v is divided by 149.
146
Let a(s) = s + 89. Calculate the remainder when 217 is divided by a(11).
17
Let j = 28 - 20. Suppose -107 = -3*b - j. Let g(k) = 2*k**2 - k - 9. What is the remainder when b is divided by g(4)?
14
Let g = 15739 + -15723. Calculate the remainder when (-2)/8 + (-708)/(-16) is divided by g.
12
Let u be (3/(-2))/(48/128). Let a(c) = -c**3 + 7*c**2 + 5*c + 2. Calculate the remainder when a(7) is divided by ((-84)/3)/u + 16.
14
Suppose -45 = -5*l + 4*y, -2*l - 10 = -0*l + 4*y. Calculate the remainder when 12*3/8*12 is divided by l.
4
Let j be (2 + -1)/(1/(-4)). Let h be (1/j)/((-91)/28 - -3). What is the remainder when 23 is divided by 3/(h - (-33)/(-21) - -1)?
2
Let n(m) = -m**3 - 27*m**2 + 4*m + 208. What is the remainder when 585 is divided by n(-27)?
85
Suppose -2*o - 1196 = 12*n - 16*n, -5*n - 2*o = -1468. Calculate the remainder when n is divided by 96.
8
Let o = 80 + -43. Suppose 2*t - 3*i - 21 = 0, -t + 5*t = 5*i + o. Calculate the remainder when t/(-12) + 244/16 is divided by 4.
3
Suppose 267 = -4*p - 5*c, -2*p + 71 - 227 = -2*c. Let r = 95 + p. Calculate the remainder when r is divided by 21.
1
Suppose 47*o + 3*z = 46*o + 21, 22*o - 1074 = 2*z. What is the remainder when o is divided by (-4)/6 - 47/(-3)?
3
Calculate the remainder when 6400/((-200)/(-20)) - (5 + (3 - 5)) is divided by 216.
205
Suppose 0 = -5*r - 5*r + 50. Suppose c = r*f - 6, -5*f + 1 = -2*c + 9. Let z(w) = -14*w - 1. Calculate the remainder when z(-2) is divided by c.
13
Let a be (-42)/(-12)*2/7. Calculate the remainder when 291/2 - a/2 is divided by 0/4 - (-35 - (-10)/(-5)).
34
Suppose -12*c + 749 = -9265 - 2454. Calculate the remainder when c is divided by 154.
115
Let v(o) = -3*o**3 + 3*o**2 + 104*o + 680. Calculate the remainder when 4734 is divided by v(-8).
6
Suppose 5*i = 3*q + 2*q - 685, 5*i = -5*q + 735. Calculate the remainder when q is divided by (-7)/((-8)/(-3) - 3).
16
Suppose 134*k - 136*k + 2 = 0. Suppose 0 = -4*m - m + 65. What is the remainder when (4/3 - k)*(-22080)/(-160) is divided by m?
7
Suppose -119*s = -68*s - 3672. What is the remainder when 96 is divided by s?
24
Let h = 10 + -2. Let m(k) = -2*k**3 + 26*k**2 + k - 10. Let d be m(13). What is the remainder when (-133 + d)/(-5) - 6 is divided by h?
4
Suppose -5*b - 5*c + 2386 = -1244, 0 = 3*c - 12. What is the remainder when b is divided by 345?
32
Let v(m) = 2*m - 31. Suppose 0 = -5*d - 0*d - 5. Let g = 6 - d. What is the remainder when g is divided by v(18)?
2
Let t(x) = 33*x + 2. Calculate the remainder when t(5) is divided by ((-936)/3)/(-13) + 10.
31
Suppose -26*g = 3*m - 27*g - 601, 4*m = 5*g + 805. What is the remainder when 406 is divided by m?
6
Let d = 17951 - 17674. Calculate the remainder when 601 is divided by d.
47
Let f = 923 + -280. What is the remainder when f is divided by 14?
13
Let u be 625 - (-3)/(-3) - (-8)/4. Suppose -u = -4*o + 438. What is the remainder when o is divided by 67?
65
Suppose 120 = -3*a + 183. Suppose a*s - 22 = -1. Calculate the remainder when (-2)/(-7) - (-94)/14 is divided by s.
0
What is the remainder when 5520 is divided by 1*238 - (-1904)/(-112)?
216
Suppose 3*s - 31*b - 477 = -27*b, 2*b = -2*s + 290. Calculate the remainder when s is divided by 27.
16
Suppose 0 = -a - a + 10. Let d = 40354 - 40343. Calculate the remainder when d is divided by a.
1
Suppose 9413 = -2*b - 36*b + 27767. What is the remainder when b is divided by 54?
51
Let z = 282 - 200. Let j = z + -66. What is the remainder when 94 is divided by j?
14
Suppose 2*k - 118 = 4*k. Let i = k - -76. What is the remainder when (3 - (-3 + 3)) + 28 is divided by i?
14
Let s(c) = -c**2 + 129*c - 1771. What is the remainder when s(86) is divided by 38?
27
Let a(r) = -76*r + 1918. What is the remainder when 241 is divided by a(23)?
71
Let w(d) = -12*d - 3. Suppose -21